 = -2*q + 5254, l + 3*q - 327 = 974. What are the prime factors of l?
2, 7, 47
Suppose -2*v = 4*w + v - 1090, -2*w + 550 = -v. List the prime factors of w.
2, 137
Suppose -3*u + 5 = j, 2*u = 4*u - 5*j - 9. Suppose -f + 3*f - 112 = -b, u*f = 3*b - 328. Let t = b + -38. What are the prime factors of t?
2, 3
Let w be 4/(2 - -2)*135. Suppose 2*n + k - w = 0, 4*n - 316 = 2*k - 34. List the prime factors of n.
3, 23
Let u be (-24)/16 - (-63)/(-2). Let a = u + 69. List the prime factors of a.
2, 3
Let i be 7744/56 + (-2 - (-24)/14). List the prime factors of (-8*1)/((-12)/i).
2, 23
Let z(g) = -2*g + 27. Let c be z(11). Suppose -k + c + 5 = 0. Suppose k = -9*m + 11*m. What are the prime factors of m?
5
Suppose 24*n + 64 = 26*n. Suppose -38*z - n = -42*z. What are the prime factors of z?
2
Let a = 3 - 7. Let t be 1/(-4) - 61/a. Suppose t = 5*w, -2*k + 2*w + 6 + 2 = 0. List the prime factors of k.
7
Suppose 0 = x - 2*r - 491, 16*r + 6 = 18*r. List the prime factors of x.
7, 71
Let p = 561 + 347. Suppose 12 = -4*w, 5*m - p = -2*w + 221. List the prime factors of m.
227
Suppose 0 = -a - a + 8. Suppose -4*w - 84 = s - 5*s, a = 4*w. What are the prime factors of s?
2, 11
Let b be ((-3)/9)/((-5)/60). Let k(p) = -p**2 + 4*p + 6. List the prime factors of k(b).
2, 3
Suppose -7*m = -11*m + 4. Suppose -m + 0 = -h, -4*h = -u + 184. What are the prime factors of u?
2, 47
Let o = -9 + 1. Let f = o - -39. List the prime factors of f.
31
Let m = 19 - 13. Suppose -2*y - 5*i = -m*y + 48, -5*i = -3*y + 41. List the prime factors of (8 - 6)/(1/y).
2, 7
Suppose 0 = -4*o + 2*x - 2488, -2*x + 1240 = -0*o - 2*o. Let i = -392 - o. What are the prime factors of i?
2, 29
Let d = -187 - -390. List the prime factors of d.
7, 29
Let s = -3 - 12. Let r = 35 + s. List the prime factors of r.
2, 5
Suppose -3*x - 3*h = -7*h - 395, -2*x + 4*h + 262 = 0. Suppose 0 = 3*t - x + 46. List the prime factors of t.
29
Let a(u) be the first derivative of -2*u**2 + 3*u - 4. Let t be a(-4). Let b = -8 + t. List the prime factors of b.
11
Suppose -15600 = -100*o + 94*o. What are the prime factors of o?
2, 5, 13
Suppose 68*x = 62*x + 5400. What are the prime factors of x?
2, 3, 5
Let s be (0 - 4)/8 - (-15)/2. Suppose g + 534 = s*g. What are the prime factors of g?
89
Let q be (-2)/((-3)/18 + 10/(-12)). Let h(l) = 13*l**3 - l**2 - 2*l. List the prime factors of h(q).
2, 3
Let u(f) = -f + 565. List the prime factors of u(22).
3, 181
Let q(r) be the first derivative of -r**4/4 - 5*r**3/3 - r**2/2 - 7*r + 5. Let f be q(-5). List the prime factors of (-2 - 33/2)*f.
37
Suppose -2*h - r - 5 = 0, r + 0*r = 3*h + 20. What are the prime factors of (-1)/(-3) + ((-15680)/24)/h?
131
Let y be ((-21)/14)/(2/(-124)). Suppose -5*n - y = -508. List the prime factors of n.
83
Let a = 2 - -2. Suppose -m = -0*m - a. Suppose 0 = -m*u - 12 + 104. What are the prime factors of u?
23
Let t be 8/24 + (-8)/(-3). Suppose -2*u + 4*u = -4*b, t*b - 7 = -5*u. Suppose -3*l + 150 = -u*k, 0 = k + 2 + 1. List the prime factors of l.
2, 3
Let p(b) = b**2 - 12*b - 3. Let m be p(12). List the prime factors of (99 - (m + 8)) + 3.
97
Let j(s) = -s**3 + s**2. Suppose 3*o + 0*o = -9. Let h be j(o). What are the prime factors of (-3 - (h - 2))/(-1)?
37
Let r(b) = -b**2 + 6*b + 10. Let p = -1 - -1. Suppose p = -7*v + 4*v + 21. What are the prime factors of r(v)?
3
Suppose -166 - 224 = -2*b. What are the prime factors of b?
3, 5, 13
Let t = -1418 - -2090. List the prime factors of t.
2, 3, 7
Suppose -5*o = 10, -l + 0*o + 5*o + 234 = 0. What are the prime factors of l?
2, 7
Let a(v) = 43*v - 17. Let o be a(9). Suppose c = -c + o. List the prime factors of c.
5, 37
Suppose 4*j - 4*r + 51 = 699, -4*r = 0. Let t = -77 + j. List the prime factors of t.
5, 17
Let v = -197 + 538. List the prime factors of v.
11, 31
Let y(u) = u**2 + u + 4. Suppose 4*o + 7 = 3*f, -2*f + f + o = -2. Let t = f + -5. What are the prime factors of y(t)?
2
Suppose 5*u = 5*m - 5, 0*m + 5*m - 8 = 2*u. Let p(r) = r**3 + 4*r**2 - 2*r - 9*r**3 + u - 6*r**2. What are the prime factors of p(-2)?
61
Let d = 1044 - 585. List the prime factors of d.
3, 17
Let y = 1122 - 119. List the prime factors of y.
17, 59
Let o(i) = -69*i**2 + i. Let g be o(3). Let n = -317 - g. List the prime factors of n/14 - (-1)/(-2).
3, 7
Let i(t) be the first derivative of -11*t**2/2 - 5*t - 5. List the prime factors of i(-7).
2, 3
Let c be 2*((1 - 0) + 18). Suppose 66*o + 117 = -51*o. Let b = c - o. What are the prime factors of b?
3, 13
Suppose 6*j - 5*j = 5, -2*j = 5*s - 3680. What are the prime factors of s?
2, 367
Suppose -169*m + 8064 = -162*m. List the prime factors of m.
2, 3
Suppose -c = -3*x + 2793, -7*x + 2*c + 2796 = -4*x. What are the prime factors of x?
2, 3, 5, 31
Suppose 336 = 2*i - 4*y, -2*y = -0*y - 10. Suppose 0 = 2*l - 2*w + 7*w - i, 0 = -5*l + 3*w + 414. List the prime factors of l.
2, 3, 7
What are the prime factors of (27 - -253) + 0 + 0?
2, 5, 7
Let x = 11066 - 7889. List the prime factors of x.
3, 353
Let b(c) = 469*c**2 + 9*c + 21. What are the prime factors of b(-2)?
1879
Suppose -4*c - 5814 = -5*w, -5*c + 46 - 5856 = -5*w. What are the prime factors of w?
2, 11, 53
Suppose -45*m = -38*m - 7707. List the prime factors of m.
3, 367
Let u = 6172 - 3745. List the prime factors of u.
3, 809
Let x(u) = 17*u**2 - 31*u - 322. What are the prime factors of x(-11)?
2, 3, 173
Suppose -11*a + 15*a = 96. Suppose -5*y = 2*z - 149, -54 - a = -3*y - 5*z. List the prime factors of y.
31
Suppose -4180 = 5*x - 15*x. List the prime factors of x.
2, 11, 19
Suppose 134 = -2*s + 3*m - m, 5*s + 327 = 3*m. Let u = 97 + s. What are the prime factors of u?
2, 17
Let q = -141 + 278. Suppose 0 = 3*x + y + q, 94 = -5*x + 3*x + 2*y. Let o = 74 + x. List the prime factors of o.
2, 7
Let p = 5993 + -2254. List the prime factors of p.
3739
Let t(n) = -1 + 4 + n + 3*n. Suppose 36*s - 40*s + 32 = 0. What are the prime factors of t(s)?
5, 7
Suppose 0 = -94*l + 6466 + 10078. List the prime factors of l.
2, 11
Suppose -8*d + 990 = -15082. What are the prime factors of d?
7, 41
Let b(u) be the first derivative of -u**4/4 + 19*u**3/3 - 8*u**2 + 12*u + 15. What are the prime factors of b(18)?
2, 3
Let h = -329 + 2134. List the prime factors of h.
5, 19
Let k(a) = 4*a - 330*a**2 - 3*a + 0*a + 347*a**2. Let z = 2 - 3. List the prime factors of k(z).
2
Let u = 78 - 111. Let g = 87 + u. List the prime factors of g.
2, 3
Let x(a) = -339*a + 322. List the prime factors of x(-5).
2017
What are the prime factors of (-8)/36 + (-2672)/(-36)?
2, 37
Let h(r) = r**3 + 18*r**2 - 12*r + 5. What are the prime factors of h(-5)?
2, 3, 5, 13
Let t(r) = r**3 + r**2 - r - 2. Let v be t(2). Suppose -6*d = -v*d + 18. What are the prime factors of 8 + d/6*2?
11
Let v(i) = 9*i**2 - 30*i - 159. List the prime factors of v(-11).
2, 3, 5, 7
Suppose 34*g = 2*n + 32*g - 5140, -4*n + 10273 = 3*g. List the prime factors of n.
7, 367
Let p be (-143)/(-13) + (2 - 5). Let j be p/(-24) - (-4)/(-6). What are the prime factors of (16/(-48))/(j/111)?
37
Let f = -282 - -188. Let d = f - -159. What are the prime factors of d?
5, 13
Suppose -5*o = 2*z - 651, -5*o + 316 = -2*z - 323. List the prime factors of o.
3, 43
List the prime factors of ((-4)/3 - (-1 - 1069))*3.
2, 7, 229
Let n be 40/(-15) + 8/(-6). What are the prime factors of (-365)/n + 19/(-76)?
7, 13
Let l(b) = b**3 + b**2 - 2. Let q be l(-2). Let o = 10 + q. Suppose 5*j + 1 + 24 = 3*a, -o*a - 5*j + 45 = 0. List the prime factors of a.
2, 5
Let q(m) = m**3 - 8*m - 8*m**2 + 3 + 1 + 2. Let s(b) = 5*b + 84. Let x be s(-15). List the prime factors of q(x).
3, 5
Suppose -6*c = -c - 20. Suppose c*h - 2*h = 6. Suppose 0 = -2*m + 29 + h. What are the prime factors of m?
2
Let f = 676 - 264. List the prime factors of f.
2, 103
Let y be (-54*15)/(((-105)/20)/7). List the prime factors of ((-1)/(-2))/(5/y).
2, 3
What are the prime factors of 4/24 - 64953/(-54)?
3, 401
Let r(t) = -19*t + 5. Let u be r(-4). Suppose 0 = 5*f + h - u, 0*f = 4*f + h - 64. Let g = f - 10. What are the prime factors of g?
7
Let y = -10 + 8. Let n = 1 - y. Suppose -n*v + 0 = -21. List the prime factors of v.
7
Let s(f) = f**3 - 19*f**2 + 25*f - 26. Let g(m) = 3*m**2 + 2*m - 3. Let q be g(-3). List the prime factors of s(q).
2, 5
L